 h be a(-9). Suppose -h*x + 16*x = 600. What is the greatest common divisor of x and b?
25
Let g = -731 - -799. What is the highest common factor of 2176 and g?
68
Let o be (-195)/(-195) - -6*197. What is the highest common factor of o and 1001?
91
Suppose -444*s - 2*a = -446*s + 2498, -2456 = -2*s - 4*a. What is the highest common factor of 12 and s?
6
Let q be (-39)/(-9) - (-5)/(-15)*-2. Suppose 0 = -4*l + f + 53, 2*f + 22 + 42 = q*l. What is the highest common factor of l and 6?
2
Let j = 4454 + -3080. Let p be (-4)/(-44) + j/11. Suppose 2*b = 4*a - 196, 5*a + 0*b + 5*b = 260. Calculate the greatest common factor of a and p.
25
Let s be 3800/14 + 0 + 1024/1792 + -8. What is the highest common factor of 2552 and s?
88
Let w be 3123/135 + -23 + 7466/30. Calculate the highest common divisor of w and 5561.
83
Suppose -9*z = -4*z - 20. Let r(p) = p**3 - 2*p**2 + 6*p + 12. Let w be r(z). What is the greatest common divisor of 238 and w?
34
Let j = 93 + -90. Suppose k = 5*c - 3*k - 270, -c = j*k - 54. Calculate the greatest common factor of c and 54.
54
Let d = -5805 - -7373. What is the highest common divisor of d and 3332?
196
Suppose -l - 130 = -2*y, 7*l - 11*l = 2*y - 110. Calculate the highest common divisor of 952 and y.
7
Suppose 61736 - 117703 = -60*m + 135913. What is the highest common divisor of 369 and m?
123
Let v be ((-128)/(-88))/(-8) - 62/22. Let o be (-56)/v*((-60)/8 + 0). Let d = -125 - o. What is the greatest common divisor of d and 60?
15
Suppose 21*p - 22510 = 6029. What is the greatest common factor of p and 9?
9
Suppose -7*r = -9*r + 228. Suppose -r = -24*n + 1182. Calculate the greatest common divisor of n and 162.
54
Let b be 1 - (-42 - (0 - 1)). Suppose -66*k = 35*k - 18382. What is the highest common factor of k and b?
14
Let t be (64/84)/8 + 1550/42. Suppose -6*n = -8*n + 5*b + 1243, -617 = -n + 4*b. Calculate the highest common factor of n and t.
37
Let p(k) = 9*k - 200. Let g be p(23). Suppose -207 - 45 = -g*q. Calculate the greatest common divisor of q and 207.
9
Let s(v) = v**2 + v - 1. Let y be s(1). Let b be y*(2 + 64)/3. Suppose z = 6*m - 8*m + 46, 4*z - 30 = -m. Calculate the highest common factor of m and b.
22
Suppose -23*h + 318 = -50. Suppose -3*m = -6*m - z + 387, 2*z = 3*m - 378. Calculate the highest common factor of h and m.
16
Suppose -5*v + 69 = 3*h, -3*h - 2*v = -29 - 49. Let t(m) = 14*m**3 + 3*m**2 - 18*m + 41. Let x be t(3). What is the greatest common divisor of h and x?
28
Let s(d) = 87*d - 39*d + 173 - 76*d. Let g be s(5). Let f be (-32)/(-3) - 2/(-6). What is the highest common divisor of g and f?
11
Suppose -53*l - l - 4*l + 1566 = 0. Let j = -12 + 21. Calculate the greatest common factor of l and j.
9
Suppose 2*c - 405 = -3*c. Suppose -4*f + 335 + 571 = 7*b, 2*b = 12. Calculate the highest common divisor of c and f.
27
Suppose -4*z - 6645 = -f, 9*f + 5*z = 10*f - 6637. Calculate the highest common factor of f and 33.
11
Suppose 2*x + 5*l + 10 = -3*x, -3*l = -15. Let r(p) = p**2 + 3*p - 5. Let i be r(x). Calculate the greatest common factor of i and 69.
23
Suppose n + 27 = 10*n. Suppose 0 = n*l + l - 432. Suppose -7*r = -11*r + l. Calculate the highest common divisor of 81 and r.
27
Suppose 7*b = -1203 - 386. Let p = -31 - b. Calculate the highest common divisor of 84 and p.
28
Let n = -9546 + 9684. What is the highest common divisor of 736 and n?
46
Let i = 5247 + -2124. Calculate the highest common divisor of 9 and i.
9
Suppose 0 = 3*d + 157 - 175. Let w(v) = 5*v**2 + 16*v - 81. Let r be w(d). What is the highest common factor of r and 156?
39
Suppose 18*r + 328 + 50 = 0. Let m(s) = -2*s**2 - 43*s - 6. Let l be m(r). Calculate the greatest common factor of 39 and l.
3
Let j be (4/(-6))/((-2)/333). Let c(q) = -q**3 - 13*q**2 + 19*q - 78. Let x be c(-15). Let l = j - x. Calculate the greatest common divisor of l and 36.
12
Let n(i) = 2*i**2 - 132*i - 659. Let d be n(71). Calculate the highest common divisor of d and 102.
51
Suppose 8*r - 49 - 415 = 0. Suppose 6*i - 2*i + 5*q - 193 = 0, -i + 2*q + r = 0. What is the highest common factor of 104 and i?
52
Let u = -13 + 19. Suppose 0 = -9*s + 15*s - 7920. Let n be (2/u)/(11/s). Calculate the highest common divisor of 16 and n.
8
Let d(s) = -16*s + 32 + 16 + 10*s. Let p be d(7). Let a be 152/p*(-13)/(78/(-45)). What is the highest common divisor of 38 and a?
38
Suppose 2*t - 3*t = -2*g + 81, 3*g + 3*t - 117 = 0. Let b be g/((8/10)/((-4)/(-10))). Calculate the greatest common factor of b and 40.
20
Let f(w) = 9*w**2 + 11*w + 6. Let b be f(-3). Calculate the greatest common factor of 30 and b.
6
Suppose -46*m - 25*m + 1065 = 0. Let f be (-4900)/40*2*-3. What is the highest common factor of m and f?
15
Suppose 2*m + 0*m = 3944 + 1490. What is the greatest common factor of m and 715?
143
Let v = -6033 + 6040. Calculate the highest common divisor of 63 and v.
7
Let a(c) = 33*c - 38. Let b be a(2). Let m be (-8)/(80/(-345))*8/6. Let u = m - 32. Calculate the greatest common factor of b and u.
14
Let x(b) = b**3 + 19*b**2 - 27*b - 36. Let g be x(-20). Suppose 104 + g = 8*a. Let h = -148 + 356. What is the highest common divisor of a and h?
26
Let v = 10 + -10. Suppose -2*k + 27 = 5*n, -n - n - 6 = v. Suppose 84 = 4*w - 4*b, -2*b + 4*b = 0. Calculate the greatest common divisor of k and w.
21
Let s be 0 + -4 - ((2 - 5) + -3). Let b = -497 + 579. Calculate the highest common divisor of s and b.
2
Let p = -16 + 19. Suppose 3*y = -3*w + y + 149, -p*w + 159 = -3*y. Let x = w - 42. What is the greatest common factor of 9 and x?
9
Let c(o) = -8*o + 198. Let f be 10/4 - (-1989)/102. Let a be c(f). What is the highest common factor of a and 902?
22
Let d(b) = b**3 - 13*b**2 - 27*b - 36. Let s be d(18). Let a = s - 778. Calculate the highest common divisor of 20 and a.
20
Suppose 840 + 140 = 4*b - 2160. What is the highest common factor of b and 5024?
157
Let t = 13669 + -12173. Calculate the greatest common factor of 952 and t.
136
Let x be 10*(11 - 2) - -3. Suppose -x = -2*l + 77. Suppose -n - l = -2*a, -6*n - 225 = -5*a - n. What is the greatest common factor of a and 5?
5
Let l be (-2)/14*-25534 + (-726)/(-2541). What is the highest common factor of l and 171?
57
Let k = -1219 + 1420. What is the highest common factor of k and 15?
3
Let g = -362 - -804. Let o(r) = r**3 - 9*r**2 + 12*r - 82. Let k be o(9). What is the highest common factor of k and g?
26
Let a(v) be the second derivative of v**5/20 + 7*v**4/12 + v**3 - 2*v**2 - 135*v. Let p be a(-5). What is the greatest common divisor of 56 and p?
8
Suppose -15*y - 6 = -16*y. Suppose y*r + 11*r = 646. What is the highest common factor of r and 418?
38
Suppose -38*g = -1132 + 372. Suppose -10 = -2*p - 5*j, 3*p - 5*j - 28 = -6*j. What is the greatest common factor of g and p?
10
Let f be (26533/(-471))/(1/(-57)). Calculate the highest common divisor of 676 and f.
169
Let v be (-13)/(52/40) - (1 + -1). Let i be (-302)/(-10) - 8/v. Suppose 3*m - 11 = i. Calculate the greatest common divisor of m and 238.
14
Let n = -103 + -47. Let z = -106 - n. Calculate the greatest common divisor of z and 132.
44
Suppose 20 = -a + 5*a. Let g = 14936 - 14934. What is the greatest common divisor of g and a?
1
Let k be 3 - (-6)/(-2) - 36/(-12). Suppose 4*h - 6*h + 88 = -2*s, -k*s = -4*h + 174. What is the greatest common factor of 6 and h?
6
Let t be (714/(-2380))/(4/(-80)). Calculate the highest common divisor of t and 190.
2
Suppose 0*g = -4*g + 392. Suppose 0 = 97*n - g*n + 75. Suppose 5*w = 5*x + 122 - 372, 5*x - 2*w = 235. Calculate the highest common factor of n and x.
15
Let f be 20/(-10) + 33*1. Suppose -m - f - 40 = 4*q, -2*m = -10. Let j = q + 30. Calculate the greatest common factor of 55 and j.
11
Let x be (1486 - -19)*-4*(-7)/20. Calculate the highest common factor of x and 516.
43
Suppose 8 + 13 = -3*k. Let f(i) = -6*i**3 + 4*i**3 + 7 + 593*i - 575*i - 11*i**2. Let s be f(k). Calculate the highest common divisor of s and 42.
14
Suppose 9*j = 25*j + 28224. Let o be (2 + -4)/(-3*(-6)/j). What is the highest common divisor of 28 and o?
28
Let j = -154 + 197. Suppose 81 = -40*u + j*u. Calculate the highest common factor of 36 and u.
9
Let h = 2102 + -2100. Suppose -420 = -3*j - 2*z, 0 = -7*z + 3*z - 12. Calculate the 